{"id":22,"date":"2015-09-14T13:14:07","date_gmt":"2015-09-14T11:14:07","guid":{"rendered":"http:\/\/fsg-moosburg.de\/relaunch\/?page_id=22"},"modified":"2015-09-19T14:40:19","modified_gmt":"2015-09-19T12:40:19","slug":"infos-zur-anlage","status":"publish","type":"page","link":"https:\/\/fsg-moosburg.de\/?page_id=22","title":{"rendered":"Informationen zur Anlage"},"content":{"rendered":"<p>Unsere Anlage verf\u00fcgt \u00fcber 2 Kurzbahnen 25 Meter mit je 5 St\u00e4nden, sowie 12 Langbahnen mit Zuganlagen, einstellbar auf 50 Meter oder 100 Meter.<\/p>\n\n\t\t<style type=\"text\/css\">\n\t\t\t#gallery-1 {\n\t\t\t\tmargin: auto;\n\t\t\t}\n\t\t\t#gallery-1 .gallery-item {\n\t\t\t\tfloat: left;\n\t\t\t\tmargin-top: 10px;\n\t\t\t\ttext-align: center;\n\t\t\t\twidth: 50%;\n\t\t\t}\n\t\t\t#gallery-1 img {\n\t\t\t\tborder: 2px solid #cfcfcf;\n\t\t\t}\n\t\t\t#gallery-1 .gallery-caption {\n\t\t\t\tmargin-left: 0;\n\t\t\t}\n\t\t\t\/* see gallery_shortcode() in wp-includes\/media.php *\/\n\t\t<\/style>\n\t\t<div id='gallery-1' class='gallery galleryid-22 gallery-columns-2 gallery-size-full'><dl class='gallery-item'>\n\t\t\t<dt class='gallery-icon landscape'>\n\t\t\t\t<a href='https:\/\/fsg-moosburg.de\/?attachment_id=28'><img loading=\"lazy\" decoding=\"async\" width=\"300\" height=\"225\" src=\"https:\/\/fsg-moosburg.de\/wp-content\/uploads\/2015\/09\/25m-bahn.jpg\" class=\"attachment-full size-full\" alt=\"\" \/><\/a>\n\t\t\t<\/dt><\/dl><dl class='gallery-item'>\n\t\t\t<dt class='gallery-icon landscape'>\n\t\t\t\t<a href='https:\/\/fsg-moosburg.de\/?attachment_id=29'><img loading=\"lazy\" decoding=\"async\" width=\"300\" height=\"225\" src=\"https:\/\/fsg-moosburg.de\/wp-content\/uploads\/2015\/09\/100m-bahn-e1442231005611.jpg\" class=\"attachment-full size-full\" alt=\"\" \/><\/a>\n\t\t\t<\/dt><\/dl><br style=\"clear: both\" \/>\n\t\t<\/div>\n\n<p>Alle Sportler m\u00fcssen eine Versicherung nach Richtlinien des Bayerischen Sch\u00fctzenbundes nachweisen. G\u00e4ste, die nicht im BSSB angemeldet sind und daher nicht versichert sind, k\u00f6nnen beim Schie\u00dfleiter eine Tagesversicherung abschlie\u00dfen. Bitte beachten Sie hierzu auch die <a href=\"http:\/\/fsg-moosburg.de\/wp-content\/uploads\/2015\/09\/Gastschiessen_2015.pdf\">Hinweise f\u00fcr Gastsch\u00fctzen<\/a>.<\/p>\n<p>Ausgebildete Jugendaufsichten sind in an den meisten Schie\u00dftagen anwesend.<\/p>\n<p>W\u00e4hrend den Schie\u00dfzeiten sind am Stand vereinseigene Kleinkaliber-Sportwaffen (Lang- und Kurzwaffen) verf\u00fcgbar, die ausgeliehen werden k\u00f6nnen.<\/p>\n<p><strong>Munition kann ebenfalls beim Schie\u00dfleiter gekauft werden und ist am Schie\u00dftag im Schie\u00dfstand zu verbrauchen. Nichtverbrauchte Munition muss vor verlassen der Anlage dem Schie\u00dfleiter zur\u00fcckgegeben werden.<\/strong><\/p>\n","protected":false},"excerpt":{"rendered":"<p>Unsere Anlage verf\u00fcgt \u00fcber 2 Kurzbahnen 25 Meter mit je 5 St\u00e4nden, sowie 12 Langbahnen mit Zuganlagen, einstellbar auf 50 Meter oder 100 Meter. Alle Sportler m\u00fcssen eine Versicherung nach&period;&period;&period;<\/p>\n","protected":false},"author":1,"featured_media":0,"parent":0,"menu_order":5,"comment_status":"closed","ping_status":"closed","template":"","meta":{"footnotes":""},"class_list":["post-22","page","type-page","status-publish","hentry"],"jetpack_shortlink":"https:\/\/wp.me\/P8PdKD-m","jetpack_sharing_enabled":true,"_links":{"self":[{"href":"https:\/\/fsg-moosburg.de\/index.php?rest_route=\/wp\/v2\/pages\/22","targetHints":{"allow":["GET"]}}],"collection":[{"href":"https:\/\/fsg-moosburg.de\/index.php?rest_route=\/wp\/v2\/pages"}],"about":[{"href":"https:\/\/fsg-moosburg.de\/index.php?rest_route=\/wp\/v2\/types\/page"}],"author":[{"embeddable":true,"href":"https:\/\/fsg-moosburg.de\/index.php?rest_route=\/wp\/v2\/users\/1"}],"replies":[{"embeddable":true,"href":"https:\/\/fsg-moosburg.de\/index.php?rest_route=%2Fwp%2Fv2%2Fcomments&post=22"}],"version-history":[{"count":5,"href":"https:\/\/fsg-moosburg.de\/index.php?rest_route=\/wp\/v2\/pages\/22\/revisions"}],"predecessor-version":[{"id":105,"href":"https:\/\/fsg-moosburg.de\/index.php?rest_route=\/wp\/v2\/pages\/22\/revisions\/105"}],"wp:attachment":[{"href":"https:\/\/fsg-moosburg.de\/index.php?rest_route=%2Fwp%2Fv2%2Fmedia&parent=22"}],"curies":[{"name":"wp","href":"https:\/\/api.w.org\/{rel}","templated":true}]}}